9 - 45?
-4e
In base 13, what is -4 - 551?
-555
In base 5, what is 302 - -2?
304
In base 6, what is -14232 - 2?
-14234
In base 12, what is -5 + 24?
1b
In base 11, what is -10 - -5?
-6
In base 7, what is 0 - 1324?
-1324
In base 16, what is 0 + 6b9?
6b9
In base 4, what is -2 + -1310?
-1312
In base 10, what is -5 + 3?
-2
In base 11, what is -604 + -10?
-614
In base 15, what is 5 - -858?
85d
In base 7, what is 4 + 51?
55
In base 5, what is 34 + 2341?
2430
In base 8, what is 624 - -6?
632
In base 9, what is -3 + -84?
-87
In base 4, what is 1112 - 320?
132
In base 7, what is -4 - 2563?
-2600
In base 16, what is -2e + -2e?
-5c
In base 11, what is 31 - -4?
35
In base 13, what is 2 + 0?
2
In base 8, what is -5 + 275?
270
In base 16, what is -3 + -91?
-94
In base 15, what is 55 - -5?
5a
In base 3, what is -10 - -22012?
22002
In base 12, what is 8b86 - 5?
8b81
In base 8, what is -5 + -1463?
-1470
In base 6, what is -15 - -23?
4
In base 5, what is -3 - -34040?
34032
In base 15, what is 3 + 53?
56
In base 10, what is -5 - -83?
78
In base 13, what is -77 + 5?
-72
In base 15, what is 0 + -15?
-15
In base 8, what is 753 - -5?
760
In base 9, what is -52 + -228?
-281
In base 2, what is 1001110 + 1110010?
11000000
In base 5, what is 32 + 30?
112
In base 8, what is -327 + -1?
-330
In base 5, what is -12011 + -4?
-12020
In base 12, what is -4a2 + 7?
-497
In base 15, what is -5 + -77?
-7c
In base 8, what is -4 - -2102?
2076
In base 2, what is 0 - 101110100110?
-101110100110
In base 2, what is 0 - 1001010101?
-1001010101
In base 2, what is 110000 - -10?
110010
In base 8, what is -421 - 7?
-430
In base 10, what is 2 - -1388?
1390
In base 16, what is -313 + -7?
-31a
In base 11, what is 225 + -4?
221
In base 14, what is -329 + -4?
-32d
In base 16, what is 8 + 1e4?
1ec
In base 16, what is -565 + 3?
-562
In base 4, what is -12 - -13013?
13001
In base 11, what is 544 + 2?
546
In base 14, what is 2 + -63?
-61
In base 14, what is -3 - 1005?
-1008
In base 4, what is 330310 + -1?
330303
In base 14, what is -7 + 777?
770
In base 6, what is -5 - 11013?
-11022
In base 16, what is -58 + 8?
-50
In base 13, what is 3 - 637?
-634
In base 4, what is -20 + -32?
-112
In base 8, what is 23 - -1136?
1161
In base 11, what is -20 - 0?
-20
In base 9, what is 328 + 6?
335
In base 3, what is -1 + -10022002?
-10022010
In base 2, what is -1110010110011 - -101?
-1110010101110
In base 16, what is c + -9?
3
In base 11, what is 60 + 34?
94
In base 12, what is -b57 - 6?
-b61
In base 13, what is 12 + -6?
9
In base 3, what is 12 - 10122110?
-10122021
In base 3, what is -21121100 + 10?
-21121020
In base 10, what is -7 - 0?
-7
In base 3, what is 112 + 110?
222
In base 4, what is -101 - 2120?
-2221
In base 11, what is -2 + 211a?
2118
In base 2, what is -1001 + 1011010?
1010001
In base 9, what is 4 + 160?
164
In base 2, what is -1 + -1000100?
-1000101
In base 3, what is 121020 + -2?
121011
In base 4, what is 20 + 331?
1011
In base 5, what is 32 + 2?
34
In base 3, what is -22101011 + 12?
-22100222
In base 12, what is 9 + -2?
7
In base 5, what is 141 - -122?
313
In base 7, what is -5 - -2534?
2526
In base 15, what is -5 - -17?
12
In base 7, what is -16064 + -3?
-16100
In base 6, what is 2 - -125?
131
In base 12, what is -51b + 5?
-516
In base 12, what is 3 - 33?
-30
In base 16, what is b + -67?
-5c
In base 7, what is -30 - 20?
-50
In base 6, what is -12 - 2212?
-2224
In base 6, what is -53 + 352?
255
In base 3, what is -221220 + 0?
-221220
In base 2, what is -10010110 - -1?
-10010101
In base 5, what is -12 - 13320?
-13332
In base 4, what is 3 + -33220?
-33211
In base 12, what is 6 - -367?
371
In base 10, what is -4 + 469?
465
In base 10, what is -226 + 4?
-222
In base 5, what is 20 + -3221?
-3201
In base 9, what is -132 - -4?
-127
In base 9, what is 118 - -14?
133
In base 8, what is -47 - 0?
-47
In base 15, what is -775 + 4?
-771
In base 11, what is 732 + -4?
729
In base 5, what is -134 - -21?
-113
In base 9, what is 64 + -31?
33
In base 6, what is -3 + 2152?
2145
In base 9, what is -44 - 260?
-314
In base 6, what is -345 + 5?
-340
In base 8, what is 27 + 2?
31
In base 4, what is 33 - 1?
32
In base 9, what is 47 + -176?
-128
In base 6, what is -131 - 1105?
-1240
In base 7, what is -102 + 4?
-65
In base 8, what is 0 - -3255?
3255
In base 8, what is 15 + -50?
-33
In base 7, what is -3 - -40?
34
In base 10, what is -595 + -1?
-596
In base 6, what is 1223 - 32?
1151
In base 10, what is 1528 + 4?
1532
In base 5, what is -3234 + -10?
-3244
In base 10, what is 4 + -8?
-4
In base 12, what is 64 - 33?
31
In base 12, what is 7 - -4?
b
In base 15, what is 12c + 5?
132
In base 12, what is 2 - -172?
174
In base 6, what is 102 + -100?
2
In base 16, what is -10 + -21a?
-22a
In base 9, what is -4 - 80?
-84
In base 8, what is 61 - -21?
102
In base 3, what is -1002 - 12?
-1021
In base 11, what is 12 - 11?
1
In base 3, what is -110110 + 2?
-110101
In base 12, what is 1b73 - -2?
1b75
In base 11, what is -3 - 23?
-26
In base 2, what is -11 - 110000?
-110011
In base 15, what is -2 - -11?
e
In base 9, what is -4 + -302?
-306
In base 9, what is -5 + -3264?
-3270
In base 5, what is 1 - -124?
130
In base 12, what is 4 - -4?
8
In base 8, what is 0 - 70?
-70
In base 6, what is -3 - -10?
3
In base 5, what is 3143 + 14?
3212
In base 14, what is 5 + a37?
a3c
In base 13, what is 85 + 2?
87
In base 14, what is -88 + 3?
-85
In base 10, what is -21 - 474?
-495
In base 6, what is -25 + -5?
-34
In base 13, what is -140 - -2?
-13b
In base 10, what is -27 - -94?
67
In base 13, what is -3418 - -1?
-3417
In base 11, what is 5 + 259?
263
In base 16, what is -1 + 9?
8
In base 13, what is -457 - 1?
-458
In base 4, what is 221 - 2?
213
In base 15, what is 40 + -3?
3c
In base 13, what is -101 - 2b?
-12c
In base 16, what is -3 + -20a?
-20d
In base 3, what is 1101001 + -2?
1100222
In base 16, what is -2 - da?
-dc
In base 6, what is 0 - -4545?
4545
In base 10, what is 4 - -24?
28
In base 16, what is 3 + 11?
14
In base 16, what is 3 + 5a?
5d
In base 6, what is 3 + 20440?
20443
In base 15, what is -32 - 34?
-66
In base 13, what is -a + 21?
14
In base 3, what is 101021 + 1?
101022
In base 7, what is 30 + 6?
36
In base 3, what is -2210222 - 10?
-2211002
In base 10, what is -4456 - 1?
-4457
In base 5, what is 24 + 32?
111
In base 5, what is 4 - 1224?
-1220
In base 3, what is -20 + 1022122?
1022102
In base 15, what is -ee - -a?
-e4
In base 9, what is -20 + 254?
234
In base 16, what is 1 + 18?
19
In base 5, what is -3 + 3441?
3433
In base 15, what is -561 - 0?
-561
In base 2, what is -101110 + 100?
-101010
In base 2, what is -1 - 11?
-100
In base 16, what is -1a + -9?
-23
In base 14, what is -575 - 1?
-576
In base 11, what is -1 - 280?
-281
In base 8, what is -740 - 4?
-744
In base 14, what is 1 + -110b?
-110a
In base 2, what is -1010 + 11111101100?
11111100010
In base 3, what is -212 - -222?
10
In base 3, what is 1120 + -1000?
120
In base 7, what is -5 + 12?
4
In base 2, what is -10011110 + -101?
-10100011
In base 4, what is 3 + 131333?
132002
In base 16, what is -2 - 284?
-286
In base 16, what is -11e + -3?
-121
In base 7, what is -5 - -142?
134
In base 13, what is -c + c?
0
In base 6, what is -2 - 1443?
-1445
In base 2, what is -11001010000 - -11?
-11001001101
In base 2, what is 10010101111101 + -11?
10010101111010
In base 10, what is 74 - 12?
62
In base 4, what is -1132 - 0?
-1132
In base 16, what is 37 - 2?
35
In base 7, what is 0 + 52?
52
In base 5, what is -202123 + 3?
-202120
In base 8, what is -2510 - -3?
-2505
In base 16, what is 5 + 15?
1a
In base 11, what is 2 - 68?
-66
In base 9, what is -283 - -144?
-138
In base 11, what is 0 + 58?
58
In base 14, what is -24a + -3?
-24d
In base 14, what is -23a + 1?
-239
In base 11, what is 3 - 50?
-48
In base 12, what is 1 - 155?
-154
In base 6, what is -1154 - 2?
-1200
In base 14, what is -2 + 5?
3
In base 12, what is 1 - -47?
48
In base 8, what is 2 + 101?
103
In base 13, what is 1 - -b4?
b5
In base 4, what is 12 - 12330?
-12312
In base 15, what is -6 - 1128?
-112e
In base 2, what is -1011 - 1?
-1100
In base 6, what is -243 - -3?
-240
In base 10, what is -3 - -2209?
2206
In base 2, what is 101110110 - -10?
101111000
In base 2, what is 101 - 1010010000110?
-1010010000001
In base 15, what is b9 - 0?
b9
In base